20
Let j(x) = x**2 + 3*x + 5. What is j(-3)?
5
Let r(a) = a**2 - 8*a + 8. Calculate r(7).
1
Let z(q) = q**2 + 12*q - 19. Determine z(-14).
9
Let d(g) = 12*g + 3. What is d(-1)?
-9
Let a(o) = 15*o + 2. What is a(-1)?
-13
Let w(a) = 14*a - 10. What is w(4)?
46
Let x(k) = k**2 + 6*k - 16. Calculate x(-6).
-16
Let i(b) = b**3 + 22*b**2 + 15. What is i(-22)?
15
Let m(a) = -29*a - 426. Calculate m(-15).
9
Let d(v) = v**3 + 40*v**2 + 74*v - 79. Determine d(-38).
-3
Let y(h) = -2*h**2 - 29*h - 63. What is y(-9)?
36
Let d(r) = 19*r - 73. Determine d(4).
3
Let n(d) = d**2 + 12*d + 10. What is n(-11)?
-1
Let o(n) = 9*n + 32. Give o(-12).
-76
Let u(z) = 4*z + 71. Determine u(-16).
7
Let u(h) = 25*h - 1. Determine u(-1).
-26
Let k(q) = -q**2 - 53*q - 283. Calculate k(-6).
-1
Let h(r) = -r**3 + 10*r**2 + r + 10. Determine h(10).
20
Let o(k) = k**3 + 6*k**2 + 8*k - 5. Give o(-4).
-5
Let f(c) = -c**2 - 25*c - 42. Calculate f(-23).
4
Let u(y) = 2*y**2 - 3*y + 9. What is u(-3)?
36
Let l(z) = 2*z**2 + 9*z + 9. Determine l(-7).
44
Let d(q) = -4*q - 15. Determine d(7).
-43
Let k(u) = 2*u**3 - 46*u**2 - 24. What is k(23)?
-24
Let m(z) = 6*z - 221. Determine m(39).
13
Let r(n) = -n**2 + 4*n - 5. What is r(5)?
-10
Let d(w) = w**2 + 17*w - 32. Give d(-19).
6
Let z(f) = f**3 - 7*f**2 + f - 8. Determine z(7).
-1
Let f(g) = 5*g - 137. Give f(15).
-62
Let o(y) = -3*y + 24. Give o(7).
3
Let y(f) = -f**3 - f**2 - 2*f - 16. Determine y(0).
-16
Let n(c) = c**2 - c - 10. What is n(4)?
2
Let m(x) = x**2 + 8*x + 2. Determine m(-5).
-13
Let h(i) = -i**3 - 6*i**2 - i - 3. Calculate h(-4).
-31
Let j(p) = -p**2 - 9*p - 17. What is j(-7)?
-3
Let f(s) = 13*s - 41. Give f(3).
-2
Let j(c) = -6*c - 26. What is j(-9)?
28
Let y(n) = -5*n - 1. Give y(1).
-6
Let o(h) = h**3 - 13*h**2 + 14*h + 4. What is o(12)?
28
Let u(k) = -5*k - 9. Determine u(7).
-44
Let f(k) = -k**2 - k + 3. Determine f(-4).
-9
Let h(v) = -v**2 - 16*v + 12. Determine h(-18).
-24
Let b(o) = o**2 - 6*o - 11. What is b(8)?
5
Let w(l) = -l**3 + 4*l**2 + 6*l - 11. Calculate w(5).
-6
Let m(c) = -c**3 + 22*c**2 - 8*c + 164. What is m(22)?
-12
Let k(i) = -17*i - 72. Calculate k(-5).
13
Let i(t) = -2*t + 6. Calculate i(-3).
12
Let o(a) = 28*a**2 + 9*a + 8. Give o(-1).
27
Let a(s) = -s**2 - s + 20. Give a(-6).
-10
Let s(n) = -2*n**2 + 9*n + 9. Calculate s(8).
-47
Let h(w) = -w**2 + 18*w + 245. Give h(-9).
2
Let x(b) = -16*b + 39. What is x(2)?
7
Let n(w) = w**3 - w**2 + w - 2. What is n(3)?
19
Let d(b) = b**3 - 7*b**2 + 3*b + 30. Give d(6).
12
Let y(h) = 2*h + 5. Calculate y(-8).
-11
Let f(a) = -45*a**2. What is f(-1)?
-45
Let r(u) = -11*u - 82. What is r(-8)?
6
Let z(d) = d**2 - 7*d + 15. Determine z(2).
5
Let w(b) = b**3 + b**2 + b - 6. Give w(0).
-6
Let l(c) = -3*c**2 - c. Determine l(-1).
-2
Let u(k) = 2*k**2 + 28*k - 3. Calculate u(-14).
-3
Let d(n) = -9*n + 20. Give d(5).
-25
Let n(b) = -2*b**2 + 101*b + 61. Calculate n(51).
10
Let i(u) = 2*u**2 + 111*u + 261. What is i(-53)?
-4
Let c(j) = j**2 - 6*j + 13. Give c(3).
4
Let n(j) = -8*j**3 - 2*j**2 + 2*j + 1. Determine n(-2).
53
Let v(a) = -51*a**3 - 2*a - 2. What is v(-1)?
51
Let t(g) = -g**3 - 12*g**2 - 10*g + 4. Calculate t(-11).
-7
Let b(m) = 2*m - 24. What is b(6)?
-12
Let g(q) = 2*q**3 + 11*q**2 + 6*q + 11. Give g(-5).
6
Let f(v) = v**3 + 9*v**2 - 10*v - 2. Give f(-10).
-2
Let c(p) = p**2 + 22*p + 2. Give c(-23).
25
Let s(c) = c**3 + 3*c**2 + 6*c + 20. What is s(-3)?
2
Let n(h) = 2*h - 7. What is n(9)?
11
Let o(l) = -17*l**2 - 102*l - 1. What is o(-6)?
-1
Let p(c) = -32*c**3 + 2*c**2 + c. Determine p(-1).
33
Let a(h) = -14*h - 146. What is a(-14)?
50
Let s(t) = t**3 - 5*t**2 - t - 2. Give s(3).
-23
Let a(y) = -y**3 - 4*y**2 - 4*y - 4. What is a(-3)?
-1
Let d(v) = -2*v**2 + 8*v + 15. Give d(-5).
-75
Let f(x) = x**2 + 7*x. Give f(-3).
-12
Let t(i) = i**3 - 17*i**2 - 2*i + 39. Give t(17).
5
Let t(x) = -x**2 + 49*x - 292. Give t(42).
2
Let l(u) = -u**3 + 5*u**2 + u - 36. Give l(0).
-36
Let j(g) = g + 9. Determine j(-12).
-3
Let t(u) = -2*u**3 + 25*u**2 - 15*u + 21. Calculate t(12).
-15
Let r(m) = 2*m**2 + 2*m + 1. What is r(-1)?
1
Let a(q) = 2*q + 17. Determine a(-13).
-9
Let n(d) = 6*d + 3. Determine n(-1).
-3
Let k(g) = g**3 + 2*g**2 - 5*g + 14. What is k(-4)?
2
Let v(o) = -o**2 + 9*o - 4. Give v(7).
10
Let u(y) = 3*y**2 - 7*y - 41. What is u(-3)?
7
Let w(x) = -x**2 + 18*x + 332. What is w(29)?
13
Let f(l) = 18*l + 71. Calculate f(-4).
-1
Let r(p) = -p**2 + 8*p + 20. Give r(-3).
-13
Let c(w) = 3*w - 22. Determine c(19).
35
Let b(q) = q**2 + 13*q - 13. Calculate b(-13).
-13
Let k(g) = g**2 - 17*g + 16. Give k(13).
-36
Let k(m) = 21*m + 11. Determine k(1).
32
Let h(u) = -u**2 + 7*u + 5. Give h(10).
-25
Let o(n) = -n**3 - 12*n**2 + 12*n - 13. What is o(-13)?
0
Let l(j) = -j + 2. Give l(3).
-1
Let k(b) = b**3 + 7*b**2 - 10*b - 8. Give k(-8).
8
Let u(k) = k**2 + 5*k - 1. What is u(-8)?
23
Let m(k) = -k**3 + 2*k**2 + 1. What is m(3)?
-8
Let q(g) = -4*g + 196. Determine q(40).
36
Let g(x) = x**2 + 14*x + 17. Give g(-11).
-16
Let a(y) = 18*y + 3. Give a(-2).
-33
Let a(c) = -7*c**2 - 22*c + 24. Determine a(1).
-5
Let o(b) = b - 14. Give o(-6).
-20
Let m(g) = -24*g + 5. Give m(3).
-67
Let k(q) = -q**2 + 17*q - 34. Give k(16).
-18
Let g(u) = 2*u**3 + 10*u**2 + 7*u - 1. Determine g(-4).
3
Let p(c) = 35*c. Determine p(-2).
-70
Let h(k) = k**2 + 8*k - 8. Determine h(-9).
1
Let g(d) = -d**2 + 25*d - 121. What is g(18)?
5
Let b(r) = -2*r**2 + 7*r + 1. Determine b(4).
-3
Let r(z) = -z**2 - 3*z. Give r(8).
-88
Let d(o) = 207*o - 625. Give d(3).
-4
Let h(c) = -c**2 - 15*c - 19. What is h(-10)?
31
Let n(o) = -o**2 - 4*o + 39. Determine n(-7).
18
Let u(c) = -4*c - 3. Give u(11).
-47
Let b(g) = -18*g + 172. Calculate b(10).
-8
Let v(h) = -72*h + 4. Calculate v(0).
4
Let a(y) = -y**2 + 59*y - 851. What is a(34)?
-1
Let q(k) = -k**3 + 8*k**2 + 20*k + 19. Give q(10).
19
Let a(p) = -7*p + 128. Give a(17).
9
Let s(k) = 8*k - 78. Determine s(8).
-14
Let n(k) = 8*k - 16. What is n(4)?
16
Let d(j) = -j**3 + 17*j**2 - 10*j - 14. Calculate d(16).
82
Let i(w) = w**3 + 12*w**2 - 27*w + 3. What is i(-14)?
-11
Let g(m) = m**2 + m. Determine g(-6).
30
Let p(a) = a**3 - 32*a**2 + 31*a - 10. Give p(31).
-10
Let a(v) = -5*v**3 + 3*v**2 + 2*v - 4. What is a(2)?
-28
Let f(a) = a**3 + 7*a**2 - 24*a - 176. What is f(-5)?
-6
Let x(w) = -74*w + 158. Determine x(2).
10
Let l(t) = -t**3 + 9*t**2 + 7*t - 14. Determine l(9).
49
Let t(d) = -2*d**2 - 11*d. What is t(-9)?
-63
Let u(q) = 13*q. What is u(-3)?
-39
Let d(j) = -3*j**2 + 2*j. What is d(-1)?
-5
Let l(i) = i**3 + 31*i**2 + i + 2. Give l(-31).
-29
Let a(w) = 5*w - 83. Determine a(17).
2
Let s(t) = 5*t**2 + t - 1. What is s(2)?
21
Let b(v) = -2*v**2 - 72*v - 65. What is b(-35)?
5
Let u(f) = 16*f + 8. Give u(-6).
-88
Let s(p) = 15*p**2 + 10*p - 18. What is s(2)?
62
Let n(i) = 13*i - 15. Determine n(8).
89
Let b(o) = o**2 - 5*o + 7. Determine b(2).
1
Let y(g) = -5*g**2 + 7*g + 5. Determine y(3).
-19
Let z(h) = -13*h**2 + 18*h - 7. What is z(1)?
-2
Let p(q) = 45*q**3 - 2*q**2 + q + 2. Determine p(-1).
-46
Let n(j) = -j**3 - j**2 + 9*j + 6. What is n(-4)?
18
Let a(q) = q**3 - 2*q**2 - 2*q + 5. Calculate a(2).
1
Let r(z) = -z**3 - 4*z**2 - z - 11. What is r(-4)?
-7
Let l(c) = -12*c + 842. Calculate l(71).
-10
Let o(t) = 18*t**2 + t + 1. Calculate o(-1).
18
Let c(w) = w**2 + 6*w + 3. What is c(-2)?
-5
Let n(y) = -2*y**2 + 2*y + 4. Give n(-3).
-20
Let m(p) = -3*p**2 - 58*p + 5. Determine m(-19).
24
Let q(s) = s**2 - 7*s + 6. Determine q(6).
0
Let v(y) = 18*y + 2. Give v(2).
38
Let y(f) = f**2 - 3*f - 7. What is y(-7)?
63
Let l(c) = -c**2 + 14. What is l(5)?
-11
Let s(f) = f**3 - 11*f**2 - 27*f + 5. Determine s(13).
-8
Let j(k) = -22*k**3 + 2*k**2 + 4*k + 2. Determine j(-1).
22
Let t(b) = -3*b**2 - 5*b + 1. Give t(2).
-21
Let l(d) = -d**3 + 5*d**2 - d. Calculate l(5).
-5
Let i(d) = -2*d**3 - d**2 - d - 61. Calculate i(0).
-61
Let w(u) = 3*u**2 - u - 1. What is w(2)?
9
Let w(q) = -6*q**2 - 171*q - 170. Determine w(-1).
-5
Let k(f) = -f**3 + 2*f**2 + 13*f + 5. What is k(-4)?
49
Let t(g) = -5*g - 2. Give t(-7).
33
Let b(m) = -m - 8. Give b(-9).
1
Let c(j) = 8*j**3 - 3*j**2 + 2. What is c(-1)?
-9
Let t(h) = 7*h**2 - 4*h + 3. What is t(2)?
23
Let x(b) = b**3 - 8*b**2 - 7*b - 